90 is divided by 2037.
1653
Calculate the remainder when 6166068 is divided by 882.
6
Calculate the remainder when 598043 is divided by 1394.
17
What is the remainder when 218210 is divided by 3537?
2453
Calculate the remainder when 6930235 is divided by 92403.
10
Calculate the remainder when 445649 is divided by 222824.
1
Calculate the remainder when 422144 is divided by 190.
154
What is the remainder when 934589 is divided by 119?
82
What is the remainder when 19443 is divided by 7457?
4529
Calculate the remainder when 23150 is divided by 20784.
2366
What is the remainder when 5694683 is divided by 66?
5
What is the remainder when 3745616 is divided by 1456?
784
What is the remainder when 307787 is divided by 102172?
1271
Calculate the remainder when 4270878 is divided by 173.
27
What is the remainder when 3821364 is divided by 955235?
424
What is the remainder when 5995500 is divided by 41065?
10
What is the remainder when 49685158 is divided by 4?
2
Calculate the remainder when 340524 is divided by 12145.
464
Calculate the remainder when 263036815 is divided by 171.
169
What is the remainder when 391092 is divided by 5837?
13
What is the remainder when 43084 is divided by 1079?
1003
What is the remainder when 949610 is divided by 94959?
20
What is the remainder when 57812787 is divided by 19270916?
39
What is the remainder when 1283071 is divided by 87?
82
What is the remainder when 186652 is divided by 78?
76
Calculate the remainder when 377752055 is divided by 2022.
2015
What is the remainder when 5982718 is divided by 13?
1
What is the remainder when 7148785 is divided by 7265?
25
What is the remainder when 978573 is divided by 1150?
1073
What is the remainder when 811184 is divided by 270361?
101
What is the remainder when 650569 is divided by 1114?
1107
What is the remainder when 30736441 is divided by 983?
980
Calculate the remainder when 5104 is divided by 60.
4
Calculate the remainder when 40363 is divided by 308.
15
What is the remainder when 230867612 is divided by 32?
28
Calculate the remainder when 747536 is divided by 62287.
92
What is the remainder when 4320539 is divided by 4320470?
69
What is the remainder when 197879 is divided by 98537?
805
Calculate the remainder when 62667063 is divided by 1346.
1341
Calculate the remainder when 22937615 is divided by 78.
77
What is the remainder when 263975 is divided by 3745?
1825
Calculate the remainder when 1805955 is divided by 18617.
106
Calculate the remainder when 11180663 is divided by 703.
151
What is the remainder when 2859731 is divided by 1429860?
11
What is the remainder when 313006641 is divided by 4507?
4505
Calculate the remainder when 1165822 is divided by 105981.
31
What is the remainder when 773221 is divided by 25769?
151
Calculate the remainder when 1418059 is divided by 5.
4
What is the remainder when 1353759839 is divided by 1136?
1135
What is the remainder when 75862 is divided by 10825?
87
Calculate the remainder when 21224304 is divided by 3032040.
24
Calculate the remainder when 194404 is divided by 21595.
49
What is the remainder when 443753 is divided by 147916?
5
Calculate the remainder when 45444 is divided by 73.
38
What is the remainder when 328673952 is divided by 4695342?
12
What is the remainder when 319232227 is divided by 1356?
1351
Calculate the remainder when 1184345 is divided by 197342.
293
Calculate the remainder when 773451 is divided by 128905.
21
Calculate the remainder when 722791 is divided by 100.
91
What is the remainder when 1132708 is divided by 566301?
106
Calculate the remainder when 6717563 is divided by 503.
501
What is the remainder when 10873 is divided by 9750?
1123
Calculate the remainder when 484403999 is divided by 370.
369
What is the remainder when 649277 is divided by 292?
161
Calculate the remainder when 73446 is divided by 14677.
61
Calculate the remainder when 55168 is divided by 6490.
3248
Calculate the remainder when 389460 is divided by 55606.
218
Calculate the remainder when 113364371 is divided by 63.
29
What is the remainder when 97942 is divided by 783?
67
What is the remainder when 1974546 is divided by 24372?
414
Calculate the remainder when 508726 is divided by 2570.
2436
What is the remainder when 86732 is divided by 2117?
2052
Calculate the remainder when 8674177 is divided by 880.
17
Calculate the remainder when 159234 is divided by 199.
34
Calculate the remainder when 1375359 is divided by 2251.
2249
Calculate the remainder when 551816 is divided by 760.
56
What is the remainder when 7393628 is divided by 2464494?
146
What is the remainder when 330071 is divided by 2729?
2591
What is the remainder when 1877246 is divided by 938596?
54
What is the remainder when 760560 is divided by 152091?
105
Calculate the remainder when 1111138 is divided by 370121.
775
Calculate the remainder when 56171400 is divided by 11.
10
Calculate the remainder when 37692795 is divided by 5122.
5119
What is the remainder when 5247093 is divided by 655884?
21
Calculate the remainder when 2471300 is divided by 1426.
42
Calculate the remainder when 210679 is divided by 1030.
559
What is the remainder when 285480 is divided by 206?
170
What is the remainder when 2582536 is divided by 776?
8
What is the remainder when 432284 is divided by 7726?
7354
Calculate the remainder when 1112527 is divided by 97.
34
Calculate the remainder when 2375906 is divided by 2375700.
206
What is the remainder when 2141200 is divided by 342?
280
What is the remainder when 1398785 is divided by 279756?
5
Calculate the remainder when 2470295 is divided by 137.
48
Calculate the remainder when 3091822 is divided by 31.
6
Calculate the remainder when 25471 is divided by 1672.
391
What is the remainder when 20380 is divided by 2157?
967
What is the remainder when 59647 is divided by 310?
127
What is the remainder when 74730801 is divided by 61305?
6
Calculate the remainder when 44270418 is divided by 127.
123
Calculate the remainder when 100687 is divided by 336.
223
Calculate the remainder when 8089776 is divided by 4057.
118
Calculate the remainder when 536430 is divided by 868.
6
Calculate the remainder when 1526264990 is divided by 28.
26
What is the remainder when 1593091 is divided by 22126?
19
Calculate the remainder when 12454693 is divided by 50.
43
What is the remainder when 6639067 is divided by 71?
70
Calculate the remainder when 46903 is divided by 117.
103
What is the remainder when 14094 is divided by 3627?
3213
Calculate the remainder when 2534190 is divided by 3657.
3546
Calculate the remainder when 3352578 is divided by 737.
702
Calculate the remainder when 226972 is divided by 2559.
1780
Calculate the remainder when 150278 is divided by 15021.
68
What is the remainder when 32515430 is divided by 32515429?
1
Calculate the remainder when 39329821 is divided by 19664901.
19
What is the remainder when 1762670878 is divided by 160?
158
Calculate the remainder when 20957157 is divided by 167657.
32
Calculate the remainder when 783234 is divided by 2450.
1684
What is the remainder when 1824175 is divided by 3178?
3
What is the remainder when 395726 is divided by 131850?
176
Calculate the remainder when 7902 is divided by 1739.
946
What is the remainder when 6990543 is divided by 1678?
1673
Calculate the remainder when 1880039 is divided by 208892.
11
What is the remainder when 1231637 is divided by 107?
67
Calculate the remainder when 21933 is divided by 2618.
989
What is the remainder when 536220 is divided by 47?
44
What is the remainder when 31220 is divided by 2813?
277
Calculate the remainder when 3397770 is divided by 289.
286
What is the remainder when 2576625 is divided by 7383?
7341
What is the remainder when 353701 is divided by 58947?
19
Calculate the remainder when 57808998 is divided by 500.
498
What is the remainder when 6316607 is divided by 44172?
11
Calculate the remainder when 11618667 is divided by 3979.
3966
Calculate the remainder when 66625 is divided by 899.
99
What is the remainder when 23110418 is divided by 662?
660
Calculate the remainder when 93328132 is divided by 41.
37
What is the remainder when 13106 is divided by 2460?
806
Calculate the remainder when 7070925 is divided by 435.
0
What is the remainder when 5855